{"id":241,"date":"2021-01-30T12:57:31","date_gmt":"2021-01-30T11:57:31","guid":{"rendered":"http:\/\/simondiard.fr\/?page_id=241"},"modified":"2024-10-02T15:51:28","modified_gmt":"2024-10-02T13:51:28","slug":"das-war-eine-schone-party","status":"publish","type":"page","link":"https:\/\/simondiard.fr\/?page_id=241","title":{"rendered":"CREATION 2013 \/ THEATRE BERTHELOT, MONTREUIL \/ LA LOGE, PARIS"},"content":{"rendered":"\n<p style=\"font-size:15px\">Mise en sc\u00e8ne&nbsp;<strong>Cl\u00e9mence Gross<\/strong><br>Interpr\u00e9tation <strong>Maya Boquet, L\u00e9opoldine Hummel et Lenka Luptakova<\/strong>&nbsp;<br>Musiques et sons&nbsp;<strong>Eskazed<\/strong><br>Son&nbsp;<strong>Bastien Varigault&nbsp;<\/strong><br>Lumi\u00e8res&nbsp;<strong>Simon Vincent<\/strong><br><br>La description d\u2019un plan-s\u00e9quence.<br>La piscine d\u2019une villa sur la Riviera italienne.<br>Un plongeon.<\/p>\n\n\n\n<p style=\"font-size:15px\">Margarete nage. Jusqu\u2019\u00e0 l\u2019attaque cardiaque. La panique fait&nbsp;s\u2019acc\u00e9l\u00e9rer les visions, s\u2019effondrer les certitudes. Margarete est-elle&nbsp;r\u00e9ellement sur le point de se noyer dans les eaux rassurantes&nbsp;de sa piscine&nbsp;? N\u2019est-elle pas plut\u00f4t dans un Airbus 321 \u00e0 huit&nbsp;secondes du crash&nbsp;?&nbsp;Dans un partage entre voix off et voix nue, fiction radiophonique&nbsp;et th\u00e9\u00e2tre, compassion et ironie, les com\u00e9diennes s\u2019interposent&nbsp;pour s\u2019approprier le corps de Margarete, devenir la chambre de&nbsp;r\u00e9sonance des perturbations de la conscience et de l\u2019espace-temps&nbsp;en cas de mort imminente.<\/p>\n\n\n\n<p style=\"font-size:15px\"><em>\u00ab&nbsp;Un silence irr\u00e9el o\u00f9 plus rien d\u2019hostile ne p\u00e9n\u00e8tre son cerveau&nbsp;ramass\u00e9 sur lui-m\u00eame dans la position \u00e0 adopter en cas de crash&nbsp;\u00bb<\/em><br><br><strong>production<\/strong>&nbsp;Compagnie Planches-Contacts. Cr\u00e9e en cor\u00e9alisation avec La Loge.&nbsp;Avec l\u2019aide de la Mairie de Paris dans le cadre des Aides Paris Jeunes Talents et l\u2019aide d\u2019Arcadi dans le cadre des Plateaux solidaires. Avec le soutien de la ville de Montreuil et de la Menuiserie \u00e0 Pantin.<\/p>\n\n\n\n<p class=\"has-black-color has-text-color\" style=\"font-size:14px\"><a href=\"https:\/\/simondiard.fr\/?page_id=451\"><strong>presse<\/strong><\/a><\/p>\n","protected":false},"excerpt":{"rendered":"<p>Mise en sc\u00e8ne&nbsp;Cl\u00e9mence GrossInterpr\u00e9tation Maya Boquet, L\u00e9opoldine Hummel et Lenka Luptakova&nbsp;Musiques et sons&nbsp;EskazedSon&nbsp;Bastien Varigault&nbsp;Lumi\u00e8res&nbsp;Simon Vincent La description d\u2019un plan-s\u00e9quence.La piscine d\u2019une villa sur la Riviera italienne.Un plongeon. Margarete nage. Jusqu\u2019\u00e0 l\u2019attaque cardiaque. La panique fait&nbsp;s\u2019acc\u00e9l\u00e9rer les visions, s\u2019effondrer les certitudes. Margarete est-elle&nbsp;r\u00e9ellement sur le point de se noyer dans les eaux rassurantes&nbsp;de sa piscine&nbsp;? N\u2019est-elle &hellip; <\/p>\n<p class=\"link-more\"><a href=\"https:\/\/simondiard.fr\/?page_id=241\" class=\"more-link\">Continuer la lecture<span class=\"screen-reader-text\"> de &laquo;&nbsp;CREATION 2013 \/ THEATRE BERTHELOT, MONTREUIL \/ LA LOGE, PARIS&nbsp;&raquo;<\/span><\/a><\/p>\n","protected":false},"author":1,"featured_media":428,"parent":0,"menu_order":0,"comment_status":"closed","ping_status":"closed","template":"","meta":{"footnotes":""},"class_list":["post-241","page","type-page","status-publish","has-post-thumbnail","hentry"],"_links":{"self":[{"href":"https:\/\/simondiard.fr\/index.php?rest_route=\/wp\/v2\/pages\/241","targetHints":{"allow":["GET"]}}],"collection":[{"href":"https:\/\/simondiard.fr\/index.php?rest_route=\/wp\/v2\/pages"}],"about":[{"href":"https:\/\/simondiard.fr\/index.php?rest_route=\/wp\/v2\/types\/page"}],"author":[{"embeddable":true,"href":"https:\/\/simondiard.fr\/index.php?rest_route=\/wp\/v2\/users\/1"}],"replies":[{"embeddable":true,"href":"https:\/\/simondiard.fr\/index.php?rest_route=%2Fwp%2Fv2%2Fcomments&post=241"}],"version-history":[{"count":17,"href":"https:\/\/simondiard.fr\/index.php?rest_route=\/wp\/v2\/pages\/241\/revisions"}],"predecessor-version":[{"id":1099,"href":"https:\/\/simondiard.fr\/index.php?rest_route=\/wp\/v2\/pages\/241\/revisions\/1099"}],"wp:featuredmedia":[{"embeddable":true,"href":"https:\/\/simondiard.fr\/index.php?rest_route=\/wp\/v2\/media\/428"}],"wp:attachment":[{"href":"https:\/\/simondiard.fr\/index.php?rest_route=%2Fwp%2Fv2%2Fmedia&parent=241"}],"curies":[{"name":"wp","href":"https:\/\/api.w.org\/{rel}","templated":true}]}}